 v(b) = 176*b - 51. Give v(1).
125
Let q(k) = 4*k**2 + 25*k - 57. Determine q(-10).
93
Let t(r) = 15*r**2 - 43*r - 11. Give t(5).
149
Let j(g) = -g**2 - 714*g + 5049. Determine j(7).
2
Let k(s) = s**3 + 2*s**2 + 2*s + 252. Determine k(0).
252
Let l(p) = 19*p**3 + 4*p**2 - 7*p - 2. Determine l(3).
526
Let a(s) = -103*s + 43. Determine a(2).
-163
Let b(t) = 5*t**2 - 20*t - 121. What is b(-9)?
464
Let u(t) = t**3 - 42*t**2 - 6*t + 277. What is u(42)?
25
Let v(c) = -c**3 + 8*c**2 + 23*c - 175. What is v(6)?
35
Let g(m) = 160*m - 11037. Determine g(69).
3
Let d(q) = -3*q**2 - 26*q + 104. What is d(-12)?
-16
Let v(q) = -4*q**3 - q**2 + 21*q + 90. Calculate v(-4).
246
Let i(y) = 249*y - 16207. Calculate i(65).
-22
Let i(y) = y**3 - 101*y**2 - 990*y + 7. What is i(-9)?
7
Let c(r) = 146*r - 3226. Calculate c(22).
-14
Let g(n) = -27*n + 278. Give g(12).
-46
Let b(r) = -r**3 - 13*r**2 - 3815*r - 53609. Give b(-14).
-3
Let r(c) = 26*c**3 - 11*c - 12. Calculate r(-1).
-27
Let i(k) = -2*k**3 - 48*k**2 - 258*k - 35. Give i(-16).
-3
Let f(b) = -2*b**3 + 9*b**2 - 21*b + 80. Calculate f(4).
12
Let c(g) = -g**3 + 10*g**2 + 8*g - 54. Give c(10).
26
Let o(x) = -2*x**3 - 110*x**2 + 1007*x - 58. Calculate o(-63).
5
Let y(c) = 210*c + 628. Determine y(-3).
-2
Let y(j) = -3*j**2 - 164*j + 240. What is y(-56)?
16
Let o(u) = -2*u**3 - 130*u**2 + 701*u + 96. Calculate o(-70).
26
Let i(q) = q**3 - 19*q**2 + 83*q - 19. What is i(13)?
46
Let d(l) = 2*l**3 + 48*l**2 - 106*l + 93. What is d(-26)?
145
Let a(i) = i**3 + 47*i**2 + 128*i - 196. What is a(-44)?
-20
Let w(a) = -85*a**2 - 413*a + 66. What is w(-5)?
6
Let g(h) = h**3 - 10*h**2 - 44*h + 261. Give g(12).
21
Let j(r) = -r**3 - 97*r**2 + 402*r - 283. Calculate j(-101).
-81
Let t(d) = -d**2 + 66*d + 273. Calculate t(-5).
-82
Let a(q) = 52*q - 375. What is a(-4)?
-583
Let q(t) = 2*t**3 - 85*t**2 + 37*t + 214. Calculate q(42).
4
Let t(n) = 34*n + 297. What is t(-13)?
-145
Let q(o) = o**3 - 3*o**2 - 8*o - 11. Calculate q(5).
-1
Let x(w) = 146*w**2 + 14*w - 1. Calculate x(2).
611
Let j(h) = 241*h + 9148. Determine j(-38).
-10
Let o(p) = -p**2 - 45*p - 415. Determine o(-13).
1
Let i(u) = 1409*u + 14. What is i(0)?
14
Let c(n) = 36*n + 1109. Give c(-29).
65
Let n(f) = f**3 + 108*f**2 + 601*f - 1141. Calculate n(-102).
-19
Let v(p) = -213*p + 1276. Give v(6).
-2
Let s(x) = -84*x - 4501. Calculate s(-52).
-133
Let i(f) = 14*f**3 - 3*f**2 + 8*f - 7. What is i(2)?
109
Let a(g) = 161*g**3 - 2*g**2 - 3*g - 1. Calculate a(-1).
-161
Let c(z) = 11*z**2 + 282*z - 2233. Determine c(-32).
7
Let f(w) = -1545*w + 1622. Determine f(1).
77
Let x(t) = -46*t + 201. Give x(8).
-167
Let y(w) = -w**3 - 39*w**2 + 74*w - 136. Determine y(-41).
192
Let b(t) = -154*t**2 + 1559*t - 194. What is b(10)?
-4
Let c(m) = -665*m - 3956. Determine c(-6).
34
Let o(y) = y + 187. Determine o(-20).
167
Let x(u) = -309*u - 3378. What is x(-12)?
330
Let t(k) = -60*k - 815. Give t(-14).
25
Let n(t) = -t**2 + 25*t - 135. Determine n(6).
-21
Let m(f) = -46*f - 1755. Give m(-38).
-7
Let r(g) = -24*g**2 - 2494*g - 2261. What is r(-103)?
5
Let a(t) = 14*t - 118. Determine a(8).
-6
Let j(i) = i**3 - 33*i**2 - 52*i - 33. Calculate j(34).
-645
Let b(f) = -4*f**3 - 12*f**2 - 18*f - 9. Determine b(-2).
11
Let t(q) = -q**3 - q**2 - q - 3. Calculate t(4).
-87
Let g(b) = 2*b**2 - 1590*b + 42948. Give g(28).
-4
Let h(l) = -5*l**3 - 42*l**2 - 26*l - 37. What is h(-7)?
-198
Let a(b) = 30*b + 1665. Calculate a(-53).
75
Let q(z) = 253*z - 507. Give q(2).
-1
Let v(y) = -y**2 - 42*y - 492. Give v(-19).
-55
Let s(t) = -t**2 + 175*t + 3. Calculate s(0).
3
Let h(g) = -g**2 - 7*g + 9. What is h(-10)?
-21
Let v(y) = y**3 + 21*y**2 - 8*y - 158. What is v(-21)?
10
Let r(x) = -6*x**2 - 8*x + 108. Calculate r(4).
-20
Let z(m) = m**3 - 97*m**2 + 796*m - 36. What is z(9)?
0
Let g(v) = -v**2 - 12*v - 17. Calculate g(-20).
-177
Let b(o) = 124*o - 1453. What is b(12)?
35
Let k(i) = 2*i**2 - 52*i + 210. Give k(21).
0
Let m(n) = 4*n**3 + 282*n**2 + 436*n + 1521. Calculate m(-69).
3
Let m(j) = -j**2 - 57*j - 202. Give m(-53).
10
Let s(z) = -z**3 - 19*z**2 - 8*z + 4. Give s(0).
4
Let z(y) = y**3 + 11*y**2 - 53*y - 588. What is z(-9)?
51
Let u(z) = -871*z + 5227. What is u(6)?
1
Let b(k) = -6*k**2 + 16. Give b(-6).
-200
Let s(c) = -4*c**2 + 110*c + 945. What is s(-9)?
-369
Let s(x) = -x**2 - 27*x + 114. Calculate s(4).
-10
Let x(r) = -90*r + 115. What is x(7)?
-515
Let g(z) = z**3 - 6*z**2 - 15*z + 59. Determine g(8).
67
Let q(l) = 2*l**3 - l**2 + 28*l - 91. Calculate q(0).
-91
Let d(y) = y**3 + 75*y**2 - 303*y - 22715. Determine d(-75).
10
Let r(v) = -v**3 + 62*v**2 - 698*v - 35. What is r(15)?
70
Let z(y) = y**2 + 73*y + 1231. Give z(-22).
109
Let r(j) = 4*j**2 - 11*j + 11. Determine r(2).
5
Let p(c) = 5*c**3 - 241*c**2 + 48*c + 6. Give p(48).
6
Let c(g) = -g**2 + 15*g - 44. Calculate c(5).
6
Let g(w) = 2*w**2 - 1360*w - 1358. Calculate g(-1).
4
Let p(v) = 2*v**3 - 88*v**2 + 240*v + 242. What is p(41)?
-4
Let k(o) = -11*o**2 + 806*o - 806. Determine k(1).
-11
Let j(a) = -2*a**2 - 798*a - 4711. What is j(-6)?
5
Let w(u) = 2*u**2 - 84*u - 716. Determine w(-9).
202
Let o(s) = -31*s + 1328. Determine o(43).
-5
Let v(x) = x**2 + 87*x + 1864. What is v(-37)?
14
Let c(n) = -93*n - 2719. What is c(-30)?
71
Let j(f) = -165*f - 8076. What is j(-49)?
9
Let l(b) = -2*b**2 - 34*b - 147. Give l(-10).
-7
Let u(q) = 2*q**3 + 30*q**2 + 16*q - 169. Determine u(-14).
-1
Let i(r) = -9*r**2 + 21*r - 53. Give i(7).
-347
Let n(j) = -24*j**3 - 26*j**2 + 57*j - 4. Determine n(2).
-186
Let i(s) = -3*s**2 + 122*s - 123. Calculate i(35).
472
Let o(n) = -10*n**2 + 112*n - 153. What is o(9)?
45
Let b(z) = 2*z**3 - 5*z**2 - 4*z + 12. Determine b(2).
0
Let a(h) = -h**2 + 127*h + 24367. Calculate a(-105).
7
Let o(a) = 48*a + 328. What is o(-7)?
-8
Let a(c) = 6*c**3 - 648*c**2 + 10. Give a(108).
10
Let k(a) = a**3 - 22*a**2 + 78*a - 25. Give k(13).
-532
Let a(i) = 91*i + 7295. Calculate a(-80).
15
Let l(u) = -2*u**3 - 6*u**2 + 28*u - 5. Calculate l(4).
-117
Let d(q) = -q**2 + 229*q - 5307. What is d(26)?
-29
Let i(k) = 3*k + 37. Calculate i(9).
64
Let g(s) = 11*s**2 + 12*s + 5. Calculate g(-2).
25
Let l(j) = 627*j - 1831. Give l(3).
50
Let v(d) = d**2 + 142*d - 3055. What is v(19)?
4
Let o(h) = -646*h + 1349. Calculate o(2).
57
Let w(g) = g**2 - 2425*g + 12091. Calculate w(5).
-9
Let z(s) = s**3 + 3*s**2 - 21*s - 37. What is z(-6)?
-19
Let p(r) = 4*r**2 + 1788*r + 14038. What is p(-8)?
-10
Let w(l) = l**3 - 31*l**2 + 60*l + 1. Determine w(29).
59
Let j(u) = -194*u + 1944. Give j(10).
4
Let s(t) = 5*t + 35. Determine s(10).
85
Let h(w) = -10*w + 89. What is h(20)?
-111
Let n(r) = 5*r + 12. What is n(8)?
52
Let t(a) = -25*a - 109. Calculate t(0).
-109
Let n(m) = -m**2 + 16*m - 27. Calculate n(14).
1
Let m(l) = 338*l - 35157. Give m(104).
-5
Let z(u) = -2*u**2 + 92*u + 619. Give z(-6).
-5
Let s(p) = -p**2 - 80*p - 1191. What is s(-60)?
9
Let w(f) = 15*f**3 - 3*f**2 + 3*f - 1. Determine w(2).
113
Let a(f) = 3*f**2 - 66*f - 191. Determine a(25).
34
Let w(o) = o**3 - 48*o**2 - 576*o - 238. Determine w(58).
-6
Let z(u) = 96*u - 572. Give z(6).
4
Let m(q) = -2*q**3 + 289*q**2 - 716*q + 868. What is m(142)?
16
Let y(k) = -210*k**2 + 1051*k - 2. Give y(5).
3
Let b(i) = -2*i**2 + 147*i - 66. Give b(68).
682
Let z(r) = -25*r - 1199. What is z(-48)?
1
Let m(r) = -51*r - 409. Calculate m(-9).
50
Let l(o) = -17*o - 34. What is l(-5)?
51
Let y(u) = -6*u**2 + 258*u - 5. Determine y(43).
-5
Let p(s) = -s**3 - 15*s**2 + 68*s + 1031. What is p(-15)?
11
Let d(k) = -6*k**3 + 5*k**2 - 10*k - 14. Give d(4).
-358
Let q(p) = -14*p + 1389. Calculate q(100).
-11
Let n(o) = -2*o**3 + 11*o**2 - 15*o - 2. Give n(7).
-254
Let u(y) = 83*y - 763. What is u(9)?
-16
Let g(v) = v**3 + 8*v**2 + 12*v + 48. Give g(-9).
-141
Let z(v) = -3*v**2 - 128*v + 454. Determine z(-46).
-6
Let d(u) = -u**3 + 39*u**2 - 218*u - 111. Give d(32).
81
Let d(z) = 2*z**3 - 34*z**2 - 24*z + 40. Give d(17).
-368
Let j(u) = 4*u**2 - 11*u + 11. Determine j(3).
14
Let t(l) = -l**3 - 5*l**2 + 2*l - 1. Give t(4).
-137
Let t(h) = -h**2 - 17*h + 437. Calculate t(15).
-43
Let c(t) = t**2 - 26*t + 161. Determine c(16).
1
Let z(b) = -b**3 + 87*b**2 - 239*b - 1114. Calculate z(84).
-22
Let q(y) = 2*y**3 